{"id":143,"date":"2025-07-16T18:22:25","date_gmt":"2025-07-16T18:22:25","guid":{"rendered":"https:\/\/psychologue-paris.com\/?page_id=143"},"modified":"2025-07-17T20:18:07","modified_gmt":"2025-07-17T20:18:07","slug":"tdah","status":"publish","type":"page","link":"https:\/\/psychologue-paris.com\/?page_id=143","title":{"rendered":"TDAH"},"content":{"rendered":"\n<h3 class=\"wp-block-heading\"><a>Trouble D\u00e9ficitaire de l\u2019Attention avec ou sans Hyperactivit\u00e9 (TDAH) ou d\u00e9pression&nbsp;?<\/a>&nbsp;<\/h3>\n\n\n\n<p>Le trouble d\u00e9ficitaire de l\u2019attention est souvent accompagn\u00e9 d\u2019hyperactivit\u00e9. Or, concernant les enfants et adolescents, il est fr\u00e9quent qu\u2019un enfant soit qualifi\u00e9 d\u2019hyperactif par ses parents ou ses enseignants quand il pr\u00e9sente en fait une d\u00e9pression. Comment expliquer cette confusion&nbsp;?<\/p>\n\n\n\n<p>Le TDAH, qui atteint 3 \u00e0 6 % d\u2019une classe d\u2019\u00e2ge, est aussi fr\u00e9quent chez les gar\u00e7ons que chez les filles mais \u00e0 l\u2019\u00e2ge adulte, les filles restent plus souvent hyperactives et les gar\u00e7ons conservent plus souvent des comportements impulsifs.<\/p>\n\n\n\n<figure class=\"wp-block-image size-full\"><img loading=\"lazy\" decoding=\"async\" width=\"618\" height=\"412\" src=\"https:\/\/psychologue-paris.com\/wp-content\/uploads\/2025\/07\/2-troubles-cognitifs.jpg\" alt=\"TDAH\" class=\"wp-image-363\" srcset=\"https:\/\/psychologue-paris.com\/wp-content\/uploads\/2025\/07\/2-troubles-cognitifs.jpg 618w, https:\/\/psychologue-paris.com\/wp-content\/uploads\/2025\/07\/2-troubles-cognitifs-300x200.jpg 300w, https:\/\/psychologue-paris.com\/wp-content\/uploads\/2025\/07\/2-troubles-cognitifs-405x270.jpg 405w\" sizes=\"auto, (max-width: 618px) 100vw, 618px\" \/><\/figure>\n\n\n\n<p><strong>L\u2019activit\u00e9 motrice<\/strong> est augment\u00e9e et d\u00e9sordonn\u00e9e, accompagn\u00e9e <strong>d\u2019impulsivit\u00e9<\/strong>, de <strong>r\u00e9actions agressives<\/strong> et de <strong>troubles de l\u2019attention<\/strong> qui perturbent l\u2019efficience scolaire.<\/p>\n","protected":false},"excerpt":{"rendered":"<p>Trouble D\u00e9ficitaire de l\u2019Attention avec ou sans Hyperactivit\u00e9 (TDAH) ou d\u00e9pression&nbsp;?&nbsp; Le trouble d\u00e9ficitaire de l\u2019attention est souvent accompagn\u00e9 d\u2019hyperactivit\u00e9. Or, concernant les enfants et adolescents, il est fr\u00e9quent qu\u2019un enfant soit qualifi\u00e9 d\u2019hyperactif par ses parents ou ses enseignants quand il pr\u00e9sente en fait une d\u00e9pression. Comment expliquer cette confusion&nbsp;? Le TDAH, qui&#8230;<\/p>\n<p class=\"read-more\"><a class=\"btn btn-default\" href=\"https:\/\/psychologue-paris.com\/?page_id=143\"> Read More<span class=\"screen-reader-text\">  Read More<\/span><\/a><\/p>\n","protected":false},"author":1,"featured_media":0,"parent":0,"menu_order":0,"comment_status":"closed","ping_status":"closed","template":"","meta":{"footnotes":""},"class_list":["post-143","page","type-page","status-publish","hentry"],"_links":{"self":[{"href":"https:\/\/psychologue-paris.com\/index.php?rest_route=\/wp\/v2\/pages\/143","targetHints":{"allow":["GET"]}}],"collection":[{"href":"https:\/\/psychologue-paris.com\/index.php?rest_route=\/wp\/v2\/pages"}],"about":[{"href":"https:\/\/psychologue-paris.com\/index.php?rest_route=\/wp\/v2\/types\/page"}],"author":[{"embeddable":true,"href":"https:\/\/psychologue-paris.com\/index.php?rest_route=\/wp\/v2\/users\/1"}],"replies":[{"embeddable":true,"href":"https:\/\/psychologue-paris.com\/index.php?rest_route=%2Fwp%2Fv2%2Fcomments&post=143"}],"version-history":[{"count":4,"href":"https:\/\/psychologue-paris.com\/index.php?rest_route=\/wp\/v2\/pages\/143\/revisions"}],"predecessor-version":[{"id":364,"href":"https:\/\/psychologue-paris.com\/index.php?rest_route=\/wp\/v2\/pages\/143\/revisions\/364"}],"wp:attachment":[{"href":"https:\/\/psychologue-paris.com\/index.php?rest_route=%2Fwp%2Fv2%2Fmedia&parent=143"}],"curies":[{"name":"wp","href":"https:\/\/api.w.org\/{rel}","templated":true}]}}