{"id":144,"date":"2025-07-16T18:22:25","date_gmt":"2025-07-16T18:22:25","guid":{"rendered":"https:\/\/psychologue-paris.com\/?page_id=144"},"modified":"2025-07-17T20:28:52","modified_gmt":"2025-07-17T20:28:52","slug":"sexualite-desir-denfant","status":"publish","type":"page","link":"https:\/\/psychologue-paris.com\/?page_id=144","title":{"rendered":"Sexualit\u00e9-D\u00e9sir d&rsquo;enfant"},"content":{"rendered":"\n<h3 class=\"wp-block-heading\"><a>Traiter les troubles sexuels et l&rsquo;inf\u00e9condit\u00e9 par la th\u00e9rapie<\/a><\/h3>\n\n\n\n<p>Les difficult\u00e9s d\u2019ordre sexuel sont nombreuses et nous ne pourrons pas toutes les aborder ici. Nous pouvons citer la&nbsp;<strong>frigidit\u00e9<\/strong>, les&nbsp;<strong>douleurs<\/strong>&nbsp;et le&nbsp;<strong>vaginisme<\/strong>&nbsp;chez la femme,<strong>&nbsp;l\u2019impuissance, l\u2019\u00e9jaculation pr\u00e9coce ou l\u2019an\u00e9jaculation<\/strong>&nbsp;(absence d\u2019\u00e9jaculation) chez l\u2019homme, l\u2019<strong>absence de d\u00e9sir<\/strong>&nbsp;sexuel ou encore&nbsp;<strong>l\u2019anorgasmie&nbsp;<\/strong>(absence d\u2019orgasme) pour les deux sexes, sans oublier les probl\u00e8mes de&nbsp;<strong>st\u00e9rilit\u00e9\/infertilit\u00e9<\/strong>, les questionnements concernant&nbsp;<strong>l\u2019orientation sexuelle<\/strong>, la difficult\u00e9 \u00e0 assumer son orientation sexuelle.<\/p>\n\n\n\n<p>Si chez certaines personnes, ces difficult\u00e9s sexuelles peuvent avoir une origine organique ou m\u00e9dicamenteuse, l\u2019origine en est le plus souvent psychique.<\/p>\n\n\n\n<figure class=\"wp-block-image size-full\"><img loading=\"lazy\" decoding=\"async\" width=\"619\" height=\"324\" src=\"https:\/\/psychologue-paris.com\/wp-content\/uploads\/2025\/07\/sexualite1.jpg\" alt=\"sexualit\u00e9-inf\u00e9condit\u00e9\" class=\"wp-image-374\" srcset=\"https:\/\/psychologue-paris.com\/wp-content\/uploads\/2025\/07\/sexualite1.jpg 619w, https:\/\/psychologue-paris.com\/wp-content\/uploads\/2025\/07\/sexualite1-300x157.jpg 300w, https:\/\/psychologue-paris.com\/wp-content\/uploads\/2025\/07\/sexualite1-516x270.jpg 516w\" sizes=\"auto, (max-width: 619px) 100vw, 619px\" \/><\/figure>\n\n\n\n<h3 class=\"wp-block-heading\"><a>Comment la psychanalyse peut vous aider<\/a><\/h3>\n\n\n\n<p>Aussi, avant de se lancer dans un traitement lourd en cas de \u00ab&nbsp;<strong>st\u00e9rilit\u00e9<\/strong>&nbsp;\u00bb, est-il pr\u00e9f\u00e9rable d\u2019entreprendre un travail de psychoth\u00e9rapie avec un psychologue psychanalyste, ce qui peut parfois tr\u00e8s rapidement r\u00e9soudre le probl\u00e8me ; c\u2019est d\u2019ailleurs pourquoi le terme d\u2019\u00ab&nbsp;<strong>inf\u00e9condit\u00e9<\/strong>&nbsp;\u00bb me semble plus appropri\u00e9 que celui couramment employ\u00e9 de \u00ab st\u00e9rilit\u00e9 psychog\u00e8ne \u00bb pour d\u00e9signer l\u2019inf\u00e9condit\u00e9 qui n\u2019a pas de cause organique. En effet, le d\u00e9sir d\u2019enfant met en \u0153uvre des enjeux extr\u00eamement complexes et des obstacles inconscients tr\u00e8s divers en fonction de l\u2019histoire de chacun peuvent faire barrage, non seulement \u00e0 la Nature, mais aussi aux techniques les plus avanc\u00e9es.<\/p>\n\n\n\n<p><strong>Chez la femme<\/strong>, les troubles de la sexualit\u00e9 varient tout au long de la vie et ont des causes tr\u00e8s vari\u00e9es. Chez la jeune femme, des traumatismes anciens, un manque de confiance en soi, seront souvent les principales causes des difficult\u00e9s.<\/p>\n\n\n\n<p>Chez la femme plus m\u00fbre, la fatigue, le stress, la d\u00e9pression sont plus fr\u00e9quemment au premier plan. Une psychoth\u00e9rapie analytique permettra, gr\u00e2ce \u00e0 un travail en profondeur, de d\u00e9passer le probl\u00e8me.<\/p>\n\n\n\n<p><strong>Chez l\u2019homme<\/strong>, les troubles de la sexualit\u00e9 sont le plus souvent li\u00e9s \u00e0 une faible estime de soi entra\u00eenant un manque de confiance en soi, mais ils peuvent aussi r\u00e9sulter d\u2019un stress ou d\u2019une d\u00e9pression. Il arrive \u00e9galement qu\u2019ils soient la cons\u00e9quence d\u2019un traumatisme, lequel peut \u00eatre ancien. Un travail psychoth\u00e9rapeutique visant \u00e0 restaurer une bonne image de soi ou un travail sur le traumatisme permet d\u2019en venir \u00e0 bout.<\/p>\n\n\n\n<h3 class=\"wp-block-heading\">La th\u00e9rapie de couple<\/h3>\n\n\n\n<figure class=\"wp-block-image size-full\"><img loading=\"lazy\" decoding=\"async\" width=\"618\" height=\"412\" src=\"https:\/\/psychologue-paris.com\/wp-content\/uploads\/2025\/07\/1-couple.jpg\" alt=\"th\u00e9rapie-couple-heureux\" class=\"wp-image-377\" srcset=\"https:\/\/psychologue-paris.com\/wp-content\/uploads\/2025\/07\/1-couple.jpg 618w, https:\/\/psychologue-paris.com\/wp-content\/uploads\/2025\/07\/1-couple-300x200.jpg 300w, https:\/\/psychologue-paris.com\/wp-content\/uploads\/2025\/07\/1-couple-405x270.jpg 405w\" sizes=\"auto, (max-width: 618px) 100vw, 618px\" \/><\/figure>\n\n\n\n<p><strong>Dans un couple<\/strong>, l\u2019apparition de difficult\u00e9s sexuelles, en particulier la baisse de la libido, chez l\u2019un ou l\u2019autre des partenaires, si elles ne sont pas d\u2019origine organique, m\u00e9dicamenteuse, ou li\u00e9es \u00e0 une d\u00e9pression, trahit toujours<strong>&nbsp;des difficult\u00e9s dans le couple qui doit alors s\u2019interroger sur sa relation<\/strong>. Selon les cas, l\u2019un ou l\u2019autre des partenaires, ou chacun individuellement, devra entreprendre une psychoth\u00e9rapie. Parfois une th\u00e9rapie de couple sera indiqu\u00e9e.<\/p>\n\n\n\n<p>Les difficult\u00e9s que peut rencontrer un couple \u00e2g\u00e9 dans sa sexualit\u00e9 pourront toutefois \u00eatre li\u00e9es aux modifications hormonales \u00e0 l\u2019origine de divers d\u00e9sordres sexuels chez l\u2019homme comme chez la femme.<\/p>\n\n\n\n<h3 class=\"wp-block-heading\"><a>Le questionnement sur l&rsquo;orientation sexuelle<\/a><\/h3>\n\n\n\n<p>Pour tous ceux qui s\u2019interrogent sur leur&nbsp;<strong>orientation sexuelle<\/strong>&nbsp;ou ont de difficult\u00e9s \u00e0 l\u2019assumer, une psychoth\u00e9rapie avec un psychologue psychanalyste, les aidera \u00e0 y voir plus clair dans leur choix, \u00e0 le vivre pleinement, sans plus se pr\u00e9occuper du regard ext\u00e9rieur.<\/p>\n","protected":false},"excerpt":{"rendered":"<p>Traiter les troubles sexuels et l&rsquo;inf\u00e9condit\u00e9 par la th\u00e9rapie Les difficult\u00e9s d\u2019ordre sexuel sont nombreuses et nous ne pourrons pas toutes les aborder ici. Nous pouvons citer la&nbsp;frigidit\u00e9, les&nbsp;douleurs&nbsp;et le&nbsp;vaginisme&nbsp;chez la femme,&nbsp;l\u2019impuissance, l\u2019\u00e9jaculation pr\u00e9coce ou l\u2019an\u00e9jaculation&nbsp;(absence d\u2019\u00e9jaculation) chez l\u2019homme, l\u2019absence de d\u00e9sir&nbsp;sexuel ou encore&nbsp;l\u2019anorgasmie&nbsp;(absence d\u2019orgasme) pour les deux sexes, sans oublier les probl\u00e8mes de&nbsp;st\u00e9rilit\u00e9\/infertilit\u00e9,&#8230;<\/p>\n<p class=\"read-more\"><a class=\"btn btn-default\" href=\"https:\/\/psychologue-paris.com\/?page_id=144\"> Read More<span class=\"screen-reader-text\">  Read More<\/span><\/a><\/p>\n","protected":false},"author":1,"featured_media":0,"parent":0,"menu_order":0,"comment_status":"closed","ping_status":"closed","template":"","meta":{"footnotes":""},"class_list":["post-144","page","type-page","status-publish","hentry"],"_links":{"self":[{"href":"https:\/\/psychologue-paris.com\/index.php?rest_route=\/wp\/v2\/pages\/144","targetHints":{"allow":["GET"]}}],"collection":[{"href":"https:\/\/psychologue-paris.com\/index.php?rest_route=\/wp\/v2\/pages"}],"about":[{"href":"https:\/\/psychologue-paris.com\/index.php?rest_route=\/wp\/v2\/types\/page"}],"author":[{"embeddable":true,"href":"https:\/\/psychologue-paris.com\/index.php?rest_route=\/wp\/v2\/users\/1"}],"replies":[{"embeddable":true,"href":"https:\/\/psychologue-paris.com\/index.php?rest_route=%2Fwp%2Fv2%2Fcomments&post=144"}],"version-history":[{"count":8,"href":"https:\/\/psychologue-paris.com\/index.php?rest_route=\/wp\/v2\/pages\/144\/revisions"}],"predecessor-version":[{"id":378,"href":"https:\/\/psychologue-paris.com\/index.php?rest_route=\/wp\/v2\/pages\/144\/revisions\/378"}],"wp:attachment":[{"href":"https:\/\/psychologue-paris.com\/index.php?rest_route=%2Fwp%2Fv2%2Fmedia&parent=144"}],"curies":[{"name":"wp","href":"https:\/\/api.w.org\/{rel}","templated":true}]}}